 k and u.
14
Let u be (-4)/(-6)*2/(-4)*-87. What is the highest common factor of u and 116?
29
Let h = 45 - 24. Let v(z) = -z - 6. Let t(c) = c - 9. Let n be t(0). Let m be v(n). What is the greatest common factor of h and m?
3
Let i(j) = -j + 5. Let a be i(4). Suppose 35 = -5*k + 2*p - 8, -k + 3*p - 6 = 0. Let h = k - -13. Calculate the greatest common factor of h and a.
1
Suppose 0 = -5*v - 15, 8*v + 14 = -b + 3*v. Let x be (1 - 0 - -1)/(-3 - -5). Calculate the highest common divisor of b and x.
1
Suppose 0*t = 5*t - 30. What is the greatest common factor of 18 and t?
6
Suppose 110*f - 115*f = -10. What is the highest common divisor of f and 9?
1
Let x = 50 - 21. Calculate the highest common divisor of x and 116.
29
Let n(b) = b**3 + 16*b**2 + 13*b + 10. Let h be n(-15). What is the highest common factor of h and 5?
5
Let k(a) = a**2 - 2*a - 10. Let d be k(-8). Calculate the greatest common divisor of d and 28.
14
Let p(w) = 4*w. Suppose 5 = 2*b - 5. Let u be p(b). Let m be 136/14 + (-6)/(-21). What is the highest common factor of m and u?
10
Suppose 5*j = j + 20. Let s be (8/(-6))/(4/(-6)). Suppose -m = -j*g - 0*m + 223, 5*g + s*m = 214. Calculate the greatest common divisor of g and 110.
22
Suppose -g + 111 = 7. Let x = -1 + 14. Calculate the greatest common factor of g and x.
13
Suppose 0 = -5*v - 5*z - 55, 4*z - 1 = 4*v + 67. Let i = v + 29. What is the greatest common factor of i and 45?
15
Let n = -27 - -81. Calculate the highest common factor of 6 and n.
6
Let b = -1 + 1. Suppose -4*j + 2 = -3*j. Suppose -38 = j*v - 3*g - 152, -g = b. Calculate the greatest common factor of 38 and v.
19
Let c(j) = -j**3 + 5*j**2 + j - 1. Let l be c(4). Let v(p) = 2*p**2 - 2*p + 27. Let k be v(9). Calculate the highest common divisor of k and l.
19
Suppose -4*g + 26 = -2*i, -5*i + 3*g - 30 = 14. Let z be 18/14 + (-2)/7. Let f be (i/2)/(z/(-2)). What is the greatest common factor of f and 28?
7
Let a(m) = -m**2 + 13*m + 5. Let b be a(11). What is the highest common divisor of 9 and b?
9
Let i = -60 - -88. Suppose -3*m + 756 = -0*m. Calculate the highest common divisor of m and i.
28
Suppose 0 = -5*d + 4 + 11. Suppose -4*f + 45 = -f. Calculate the highest common divisor of f and d.
3
Let v(s) = s**2 + 8*s + 2. Let o be v(-8). Let c(q) = -q**2 + 3*q - 1. Let h be c(o). What is the greatest common factor of h and 3?
1
Suppose 2*g + 6 = 5*h, -2*h = 3*g - 3 - 7. Suppose 15 = -h*y + 161. Let n be y + -1 + 3 + -3. What is the greatest common divisor of n and 18?
18
Suppose 4*l = -454 + 1730. Calculate the highest common divisor of l and 29.
29
Suppose 4*o + 5 - 9 = 0. Suppose 13 = 3*l + o. What is the highest common divisor of 8 and l?
4
Let h = 3 + 7. Let b be (-6)/h + 606/10. What is the highest common divisor of b and 20?
20
Let q(y) = y**2 - 2*y - 3. Let w be q(-2). Suppose -w*r + 31 = -9. Let a = 114 - 42. What is the highest common factor of r and a?
8
Suppose 2*t - 16 + 2 = 2*h, 0 = -3*h - 9. Calculate the highest common factor of 10 and t.
2
Suppose -140 = -i - 4*b, -71 - 69 = -i + 3*b. Let a be ((-20)/(-6))/((-1)/(-6)). What is the highest common divisor of i and a?
20
Let l = -113 + 141. What is the greatest common factor of l and 14?
14
Let a(i) = i**2 - 4*i - 1. Let t = 15 - 8. Let x be a(t). What is the highest common factor of x and 10?
10
Let x be 1*-2 - (-7 - -1). Suppose -4*j - 2*k + 124 = 0, -100 = -5*j + x*k + 42. What is the greatest common divisor of 5 and j?
5
Let j = 293 - 271. Let z = -7 + 11. Suppose -3*y + z = -2*f + y, -y = 2*f - 6. What is the greatest common factor of f and j?
2
Suppose 153 - 33 = 5*h. Let l(s) = -39*s - 15. Let r be l(-9). Suppose m = -m + r. Calculate the greatest common divisor of m and h.
24
Suppose 4*a + 24 = a. Let c be 12/a*8/(-3). Suppose c*p - 4 = 4. What is the highest common divisor of 18 and p?
2
Let n(g) = g**3 + 10*g**2 - 13*g - 16. Let c be n(-11). Suppose 34 = c*u - 5*u. Calculate the highest common factor of u and 374.
34
Suppose -4*k + 162 + 226 = 0. Let l = 205 - k. Let j be (-1 - (-124)/10) + (-12)/(-20). What is the greatest common divisor of l and j?
12
Let d be 1343/34 - 2*(-2)/8. What is the greatest common divisor of 24 and d?
8
Let b(m) = 4*m**3 - m**2. Let d be b(1). Suppose d*o - o = 8. Calculate the highest common factor of 2 and o.
2
Let f = 2554 - -366. Let m be f/70 - (-4)/14. What is the highest common divisor of 6 and m?
6
Let z = 23 + -2. Calculate the greatest common factor of 84 and z.
21
Suppose -2*a - 3*y + 61 = 0, y + 4*y = a - 37. Suppose 2*o - a = -0*o. What is the highest common factor of o and 16?
16
Suppose 9 = 2*z + 1. Suppose v = 2*v - 3*y, -2*y - z = -v. What is the greatest common divisor of v and 96?
12
Let d be (-95)/60*-15 - 1/(-4). Calculate the highest common factor of 18 and d.
6
Let q(x) = x**3 - 14*x**2 + 9. Let p be q(14). Suppose o - p = -2*a + 3, 5*o - 84 = 2*a. Suppose 3*g - 13 = -1. Calculate the greatest common factor of g and o.
4
Let i(f) = f**2 - 11*f + 24. Let x be i(11). Suppose 0 = 5*b - 6*b + 6. What is the greatest common divisor of b and x?
6
Suppose j - 116 = -4*l - j, 0 = -5*j - 10. Suppose -i - 150 = -2*i. Calculate the highest common factor of l and i.
30
Suppose 0 = 2*m - 0 - 4. What is the highest common factor of 1 and m?
1
Let i = 67 + 8. What is the highest common factor of 30 and i?
15
Suppose -4*s + 1000 = 3*x, 3*s - 5*s - 1658 = -5*x. Let v be (2/3)/((-2)/6). Let i be v/9 - x/(-36). Calculate the greatest common factor of i and 90.
9
Suppose 5 - 8 = -b. Let x = 2 - -1. Calculate the highest common factor of x and b.
3
Let p = 7 - 5. Let b = 6 - p. Let i be -4*((-27)/b)/3. What is the highest common factor of 81 and i?
9
Let z = -168 + 185. Let u = 140 + -55. Calculate the highest common factor of u and z.
17
Let q = -248 + 430. What is the highest common divisor of q and 26?
26
Let n(h) = 5*h**2 - h - 1. Let g be n(-1). Suppose 0 = -g*b + 5*r + 165, -2*b + 0*r + 54 = r. What is the highest common factor of 29 and b?
29
Let y(a) be the second derivative of a**5/20 + 13*a**4/12 - 5*a**3/2 + 8*a**2 - 7*a. Let c be y(-14). Calculate the highest common divisor of 20 and c.
10
Let b(x) = 5*x + 63. Let g be b(-12). Calculate the highest common divisor of g and 93.
3
Suppose 6*p - 5*j = 2*p - 229, -p + 3*j = 52. Let w = p - -94. Calculate the highest common divisor of w and 22.
11
Let j = 208 + -436. Let n = j - -363. What is the greatest common factor of n and 15?
15
Let i = 69 + -13. Calculate the greatest common divisor of 42 and i.
14
Let g = -71 + 36. Let v = 50 + g. What is the highest common factor of v and 15?
15
Let x = -11 + 16. Suppose -x*j - 7 = -32. Suppose -k - 4 = -3*f + 14, -4*k + 13 = 5*f. What is the highest common divisor of f and j?
5
Let o(c) be the second derivative of -c**4/12 + 7*c**3/3 - 13*c**2/2 - c. Let v be o(11). What is the highest common divisor of v and 50?
10
Let r = 14 - 8. Let b = 8 - r. Let y(d) = d**2 + 6*d + 3. Let z be y(-6). Calculate the highest common factor of b and z.
1
Let s = 111 + -69. Calculate the highest common factor of 56 and s.
14
Let w = -10 - -29. Let d = 35 - w. Let l(i) = -10*i. Let a be l(-4). Calculate the highest common factor of a and d.
8
Suppose -2*l = -2, 4*l + 2 - 6 = -4*y. Let m = y + 3. Let z(r) = r - 2. Let u be z(m). Calculate the greatest common factor of 9 and u.
1
Suppose 2*d - 4 = 4*k, 0*k - 25 = -5*d - 5*k. Suppose -12 = -d*s + s. What is the greatest common factor of 32 and s?
4
Suppose 110 = 3*m - 235. Suppose -m = -h - 4*h. Calculate the greatest common divisor of h and 115.
23
Let a be 2*(39/6 - 1). Suppose -r + 7 = -15. Calculate the greatest common factor of r and a.
11
Let t be (-508)/(-18) + (-2)/9. Let x = -53 + 95. Calculate the highest common factor of x and t.
14
Suppose -3*c = 2*c - 655. Suppose 4*f - c - 13 = 0. What is the highest common divisor of 12 and f?
12
Let n(r) be the third derivative of -r**6/40 - r**5/60 + 2*r**2. Let x be n(-2). What is the greatest common divisor of x and 50?
10
Let k(t) = -2 + 4*t + 4 - 1 + 1. Let f be k(2). What is the highest common factor of 70 and f?
10
Let j(s) = -s**3 - 3*s**2 + s + 2. Suppose 0*y = 2*y + 8. Let m be j(y). Suppose -51 = -b - 16. Calculate the greatest common factor of m and b.
7
Let k be ((-30)